the first derivative of -x**4/4 - 10*x**3/3 + 4*x**2 + 16*x - 1. Suppose 0 = -30*q + 14*q - 176. What is the tens digit of v(q)?
4
Suppose -2*o - 3*j + 4 = -23, 15 = 2*o - j. Let s(i) = 6*i**2 + 15*i - 40. What is the tens digit of s(o)?
8
Let u(l) = l**2 + 34*l + 30. Let t be u(-33). Let d(x) = 54*x**2 + 3. What is the tens digit of d(t)?
8
Let z = 66484 + -34693. What is the units digit of z?
1
Let s be (3/6)/((-2)/5172*-3). Suppose 4*c - s = -13*j + 8*j, -5*j = 5*c - 435. What is the units digit of j?
3
Let n = -13 - -17. Suppose 16 = -2*g + 4*s + s, n*g = -4*s + 24. Suppose -g*u = 2, -3*f + 452 = f + 4*u. What is the units digit of f?
4
Let w(l) = -13*l**3 + 5*l**2 + 24*l - 5. Let s be w(-5). Suppose u + 3*b - s = 0, -3*b - 1565 - 6596 = -5*u. What is the units digit of u?
1
Let q(m) = 533*m + 2336. What is the hundreds digit of q(12)?
7
Let w(x) = -160*x + 38. Let m be w(-13). Suppose -m = -7*y + 4238. Suppose 44*g = 40*g + y. What is the hundreds digit of g?
2
Suppose -o + 4*u - 17 = 0, -3*u - 2 = -4*o - 5. Let m(g) = 16*g - 8 - 2*g**2 - g + o*g**2 + 2*g**2. What is the units digit of m(-8)?
4
What is the tens digit of (-5)/(100/(-106730))*(3 + -1)?
7
Let v = 6031 - 2. What is the hundreds digit of v?
0
Suppose d + 0 = -2, -3*d = 2*u - 88. Let v be 12/(-90) + 3/(45/u). Suppose v*z - 172 + 10 = 0. What is the units digit of z?
4
Suppose 30 = -2*s + 7*s. Suppose -s*w - 30 = -12*w. What is the tens digit of w/(-1 - 4) + 20?
1
Let u(i) = -i**3 + 12*i**2 - 16*i + 2. Let l be u(9). Let k be (-6384)/(-22) + (-4)/22. Let v = k - l. What is the hundreds digit of v?
1
Let h(c) = 19 + 554*c**2 - 3*c + 96*c**2 - 18. Let m be h(1). Suppose 3*y = -3*y + m. What is the units digit of y?
8
Let u(s) = -6*s**3 + 19*s + 122. What is the hundreds digit of u(-5)?
7
Let y be (184/(-10))/((-76)/(-2090)). Let q = -283 - y. What is the tens digit of q?
2
Let y(m) = 5*m**2 + 2*m + 20. Let w be y(0). What is the tens digit of (w - -10)*((-248)/(-5))/2?
4
Let i(n) = 19*n**3 + 3*n**2 + 8*n - 18. Let y(g) = 18*g**3 + 3*g**2 + 7*g - 17. Let k(h) = -3*i(h) + 4*y(h). What is the units digit of k(3)?
0
Suppose -129178 = -129*v - 6628. What is the units digit of v?
0
Let t be (-8361)/(-4) + 44/(-176). What is the hundreds digit of 3/(((-135)/t)/(-9))?
4
Suppose -3*z + 939 = 2*m, 5*z + 1456 = 17*m - 14*m. What is the hundreds digit of (-106)/m + 1532/9?
1
Suppose 3*m - 4*h + h = -3, 3*m - h = -1. Suppose -10*a + 24*a - 2520 = m. What is the hundreds digit of a?
1
Let a = -2926 - -18833. What is the thousands digit of a?
5
Suppose -k - 18 = 12. Let j(x) = -x - 1. Let c(s) = 5*s + 13. Let l(g) = k*j(g) - 5*c(g). What is the tens digit of l(16)?
4
Let v = 9 - -24. Let u = -28 + v. Suppose -3*d - 121 = -u*b + 109, -d = 0. What is the tens digit of b?
4
Let j = -1690 - -2739. Let r = -509 + j. What is the hundreds digit of r?
5
What is the units digit of 2/(-7) - (-23)/(805/971785)?
5
Suppose 0 = -4*c - 2 + 10. Suppose 3*s - 27 = -2*s - 3*v, -s = 2*v - 4. Suppose c*n = 64 - s. What is the units digit of n?
9
Suppose 18*b - 57*b + 195 = 0. Suppose 3*n - 1402 = 2*v, -1689 - 681 = -5*n - b*v. What is the tens digit of n?
7
Let r(h) = h**2 + 3*h - 7. Let k be r(2). Suppose -w = w - k*w. What is the tens digit of -4 - -19 - (3 - 1 - w)?
1
Let b = -100 - 95. Let a = -99 - b. What is the units digit of a?
6
Let t(c) be the third derivative of c**5/60 - c**4/24 - c**3/3 - 12*c**2. Let x be t(2). Suppose 2*u + x*u = 130. What is the units digit of u?
5
Suppose -j = 4*z + 3, 22 = 44*j - 40*j - z. Suppose -3*c = j*o - 5*c - 991, -4*o - 2*c + 800 = 0. What is the hundreds digit of o?
1
Let q(r) = 25*r + 16. Suppose k - 2*t = -3, 5*k + 5*t + 25 = k. Let p(f) = -24*f - 17. Let h(w) = k*q(w) - 4*p(w). What is the tens digit of h(-6)?
6
Suppose -8*s = -7*s + 3*q - 5972, 0 = 2*s - 4*q - 11924. What is the thousands digit of s?
5
What is the tens digit of 668*((-13253)/(-348) - 2/(-12))?
5
Let m be ((-4)/(-10))/((-1)/(-430)). Suppose -179 = 2*g + p, 14*g - 17*g + 4*p - 285 = 0. Let u = m + g. What is the tens digit of u?
8
Suppose 3*s = 4*b + 5196, 5*b - 3481 = -2*s + 6. Let m = s - 1132. What is the hundreds digit of m?
6
What is the units digit of (-15)/20 + 2638503/196?
1
Let s(c) = -c**2 - c - 19. Let x be s(0). Let y(h) = h + 1. Let f(a) = -5*a - 49. Let i(u) = -f(u) - 6*y(u). What is the tens digit of i(x)?
6
Let x(w) = 5*w - 20. Let t be x(10). Let d = 32 - t. What is the units digit of d?
2
Let h(s) = -s**3 - 21*s**2 - 35*s + 41. Let o be -14 - ((-4 - -7) + 2). Let p be h(o). What is the hundreds digit of (267 - 2)*(2 + p/10)?
1
Let m(c) = -9*c - 4*c - 10*c + 54 + 19*c. What is the tens digit of m(-11)?
9
Suppose 0 = -14*y + 10*y + 8. Suppose -y*w = 2*w - 20. Suppose 0 = -k - w + 60. What is the tens digit of k?
5
Suppose 317*b - 302*b - 94620 = 0. What is the units digit of b?
8
What is the thousands digit of ((-15)/(-9) + -1)/(2/50916)?
6
What is the units digit of -3 + -1 + (-905296)/(-59)?
0
Let o(g) = -g**2 + 25*g + 7. Suppose 49*u + 20 = 53*u. Suppose u*c - 4 = 71. What is the tens digit of o(c)?
5
Let v(d) = -2*d + 13. Let y be v(0). Suppose -12*s = -y*s + 36. Suppose -s - 29 = -5*x. What is the tens digit of x?
1
Let q = 511 + -504. Suppose 2*l = -i + 926, 3*i + 6*l = q*l + 2785. What is the hundreds digit of i?
9
Let w = -664 - -664. Suppose w = 7*d - 1103 - 612. What is the units digit of d?
5
Suppose -2060 = -9*f + 4582. Let j = f - 415. What is the units digit of j?
3
Let s(u) = u**2 + 3*u + 3485. Let n be s(0). Suppose 0 = 17*w - n - 1972. What is the tens digit of w?
2
Let x = 363 + -367. What is the units digit of 548*18/x*8/(-18)?
6
Let d be (-112)/(-140)*(-5)/(-2). Suppose 4*z = d*w + 2508, -4*z - 5*w + 188 = -2306. What is the units digit of z?
6
Let g = 8997 - -7960. What is the ten thousands digit of g?
1
Let y = 37185 + -21744. What is the thousands digit of y?
5
Let z be 33449/248 - 1/(-8). Let n = 595 - z. What is the hundreds digit of n?
4
What is the thousands digit of (24/36)/((-6)/(-42435))?
4
Let u be ((-75)/(-12))/((-15)/(-72)). Suppose 0 = 2*a + 4*p - 2418, u*a - 4*p + 3629 = 33*a. What is the tens digit of a?
1
Let v(k) be the first derivative of k**3/3 - k**2 - 20*k + 4. Let q(x) = -8*x + 1. Let n be q(-1). What is the tens digit of v(n)?
4
What is the ten thousands digit of ((-115)/39)/(49/(-250194)) + 6/(-39)?
1
Suppose 5*l + 10 = 0, 4*n - 11 - 15 = -l. Suppose -q - n*q + 2296 = 0. What is the hundreds digit of q?
2
Let k(i) = -76*i**3 - 4*i**2 - i + 2. Let y be k(-1). Suppose 0 = 4*z + y - 443. What is the units digit of z?
2
Let y(g) = -30104*g - 736. What is the ten thousands digit of y(-1)?
2
Let i(t) = 56*t + 3316. What is the thousands digit of i(10)?
3
Let f be (-2744)/88 - 1*6/(-33). Let r(x) = 2*x**2 + 33*x - 92. What is the units digit of r(f)?
7
Let y = 114681 - 56657. What is the thousands digit of y?
8
Let c = 253 + 10171. What is the units digit of c?
4
Let s(w) = -5*w**3 - 4*w**2 - 14*w - 79. Let a be (-2784)/435 + 7/5. What is the units digit of s(a)?
6
Suppose -3*a + 2*l + 38 = -0*a, 4*a - 54 = l. Suppose 6181 = a*k + 2065. What is the hundreds digit of k?
2
Suppose j - y = 2076, 0 = -3*j - 26*y + 30*y + 6228. What is the hundreds digit of j?
0
Let b = 144 + -307. Let k = b - -165. What is the units digit of k?
2
Suppose -5*h = -5*j + 7*j + 7, 0 = h + 5*j - 17. What is the units digit of (-27384)/(-28) + h/(-1)?
1
Suppose -16 = -2*i + 4*d, 2*d = 5*i + d - 40. Suppose -a - 4 = 0, -5*a = -g - i*a - 16. What is the tens digit of g + (-4 - -7) + 151?
5
Let k = -21 - -26. Suppose -2*d + 3 = k. What is the units digit of (d - 0)*(-1 + -57)?
8
Suppose -4*v + 3*p - 1025 = 0, 5*p - 1281 = 5*v + p. Let r = v + 961. What is the units digit of r?
4
Suppose 27370 = 3*m - o, 4*m - 3*o - 20990 = 15495. What is the thousands digit of m?
9
Suppose z - 31430 = 8*a - 13*a, -a = 4*z - 6267. What is the tens digit of a?
8
Let d be (-2)/((-6)/4*(-44)/(-99)). What is the units digit of (-4998)/(-18) + d/9?
8
Let h(i) = -23*i + 860. What is the hundreds digit of h(32)?
1
Suppose 17*y - 13*y - 92 = 0. Let c(v) = -2*v**2 - y - 2 + 2*v**2 - v**2 + 15*v. What is the tens digit of c(11)?
1
Let c = 184 - 542. Let r = c + 498. What is the hundreds digit of r?
1
L